actor of o and 53?
53
Suppose -12*u + 22*u + 30 = 0. Let v be (-43)/u - ((-28)/3)/(-7). Calculate the greatest common factor of v and 13.
13
Let i = 247 + 477. Let y = i + -670. Calculate the highest common factor of y and 66.
6
Suppose a - 2*z = 4*a - 52, -z = -5*a + 78. Suppose 9*g + 413 = a*g. What is the greatest common divisor of g and 59?
59
Suppose -2*n + 46 + 26 = h, 408 = 5*h - 2*n. Let m be ((-704)/h)/((-4)/60). Calculate the highest common divisor of m and 12.
12
Suppose 15 = -3*c + 27. Suppose -c*j + 40 = r, -4*j = -2*j + 4. What is the greatest common divisor of r and 3?
3
Let v be 5 + -12 - -4 - 154. Let r = -123 - v. Calculate the greatest common divisor of r and 102.
34
Suppose -18 = -16*k + 46. Suppose -4*z = 4*p - 452, k*p - 59 = 4*z - 471. What is the highest common factor of 144 and z?
36
Suppose 4*x + 11 = 5*d - 22, 4*d + 2*x = 16. Suppose g - d*o = 7 + 56, 3*o + 140 = 2*g. Suppose 77 = 2*q - g. Calculate the highest common divisor of 15 and q.
15
Suppose 222 = 3*l + 3*a, -15*a + 20 + 226 = 3*l. Let i(r) = 2*r**2 - 7*r - 6. Let y be i(6). What is the greatest common divisor of l and y?
24
Let z = 639 + 12. Suppose -3*u = 3*n - z, u + 3*u - 2*n = 862. Calculate the greatest common factor of 24 and u.
24
Let s(f) = -473*f**3 - 3*f - 7. Let v be s(-2). What is the highest common factor of 26 and v?
13
Let x = -2809 - -3484. What is the greatest common divisor of 297 and x?
27
Let b be 3700/(-2)*(-396)/330. What is the highest common factor of 180 and b?
60
Suppose -45*j + 47*j = 2*z - 1932, 5*z + 4*j - 4776 = 0. Calculate the greatest common factor of z and 168.
24
Let y(q) = -2*q**2 - 24*q - 36. Let m be y(-10). Suppose -45 = n - 42, 5*n = -m*k + 17. Calculate the greatest common divisor of 296 and k.
8
Let c(o) = -184*o - 938. Let g be c(-8). What is the highest common factor of 623 and g?
89
Suppose 2*f = 3*f - 4. Suppose f*x - 251 = 145. What is the highest common factor of 165 and x?
33
Let p(y) = -17*y + 1. Let n be p(-3). Suppose 250*a - 59351 = 48486 - 16837. Calculate the greatest common divisor of n and a.
52
Let s = -542 + 255. Let y = s + 401. Calculate the greatest common factor of y and 6.
6
Suppose 28530 - 364263 = -51*g. Calculate the highest common divisor of g and 29.
29
Suppose 47*g + 14*g = 55709 + 2485. What is the greatest common factor of g and 846?
18
Suppose 6*i - 253 = -49. Suppose i + 62 = 8*a. What is the greatest common factor of a and 102?
6
Let k be 2216*6/(-4)*2025/(-540). Calculate the greatest common divisor of 5 and k.
5
Let m be (-625737)/4067*1148/(-6). What is the highest common factor of 82 and m?
82
Let m = 15 - 12. Let h(i) = 298*i**3 - 2*i**2 + 1. Let z be h(1). Let c be (-2 - -4)/(18/z). What is the greatest common divisor of c and m?
3
Let o be 1*(-1013)/(-2)*4*(-55)/(-10). Calculate the greatest common divisor of 11 and o.
11
Suppose 352 = -3*x + 22. Let i = x - -113. Suppose 3*g = 4*v - v + 15, 0 = -i*g + 5*v + 15. Calculate the highest common factor of 35 and g.
5
Suppose -3*b - 2*u = -5*b + 10, -5*b - 3*u = -9. Let f(j) = 75*j - 73. Let o be f(b). Calculate the highest common divisor of 8 and o.
8
Let l be (-176)/2 - (-2)/2. Let c = l + 45. Let i = 52 + c. Calculate the greatest common divisor of 110 and i.
10
Let a = 61 - 26. Let l(y) = 13*y + 528. Let j be l(-39). Calculate the highest common factor of j and a.
7
Let l be 45/(-6)*(-16)/40. Suppose 3*s - 38 = s + j, l*j - 46 = -2*s. Calculate the greatest common factor of s and 170.
10
Let x be 3/12 + (-26)/8 + 3. Let m(r) = 2 + x*r**2 - 3*r + 4*r**2 + 14*r**2 + 17*r**2. Let y be m(2). Calculate the greatest common divisor of 17 and y.
17
Suppose 154 = 3*y - y. Let u = -10218 - -10232. What is the highest common factor of y and u?
7
Suppose 4*k - 2*k = 28. Let a = 1321 - 2509. Let c = -1167 - a. What is the greatest common divisor of k and c?
7
Suppose 0 = -11*l + 23061 + 82209. What is the greatest common factor of 15 and l?
15
Suppose 0 = -4*n - 2*a + 14154, 4*n = 9*a - 10*a + 14153. Let c be n/22 - -1 - 14/(-77). Calculate the highest common divisor of 135 and c.
27
Let s = -22276 - -41945. What is the greatest common divisor of s and 89?
89
Suppose -5*w + 39065 = -2*i, 15626 = 18*w - 16*w - 2*i. Calculate the highest common divisor of 26 and w.
13
Suppose -2*x - 215 = -k, -127*k + 130*k - 4*x = 651. What is the greatest common divisor of k and 17?
17
Suppose -89*t - 16 = -906. Suppose -9 = -3*q, 5*q = 4*h - 150 - 755. What is the highest common divisor of t and h?
10
Let f be (-81)/18*28/(-3). Suppose p = 2*p + 20. Let r be (-5)/p - (-55)/4. What is the highest common divisor of r and f?
14
Let w be (-86)/6*36/((-8)/8). Let k = w - 348. What is the greatest common factor of k and 72?
24
Let i be -416*(450/(-12))/15. Suppose -4*c + 2*f + 34 = -3*f, c - 13 = -f. Suppose -l - i = -c*l. What is the greatest common divisor of 8 and l?
8
Let j be (12/9)/(4*(-3)/(-18162)). What is the greatest common divisor of 2 and j?
2
Let s be (-11)/(-15 - 5690/(-380)). What is the greatest common factor of s and 304?
38
Suppose 57*g = 193*g - 33359 - 131473. Calculate the highest common factor of 144 and g.
12
Let h(d) = -d**2 - 3*d - 1. Suppose 3*x = -x - 4. Let s be h(x). Let o be (s + -2)/((-1)/6). Calculate the greatest common divisor of o and 12.
6
Let p = 220 - -60. Suppose 0 = -5*x + 2*d + 7, -2*x - 10 = -5*d + 4. Suppose 2 + 0 = 2*v, x*c - p = 5*v. Calculate the greatest common divisor of c and 19.
19
Suppose -25*i = -315 - 110. Calculate the greatest common divisor of 2635 and i.
17
Suppose -11*d + 19318 = -6785. Calculate the highest common factor of 42 and d.
21
Let o be -1*((-72)/84 + (-148)/7). Suppose 120*d - 715 = 115*d. Calculate the highest common divisor of o and d.
11
Suppose -4*y - 4*b + 20 = 0, -2*y - y + 5*b - 1 = 0. Let h = 112 - 114. Let u be (4 - (-2 + 7))*(h + -22). What is the greatest common factor of y and u?
3
Let u(c) = 16*c**2 - 3*c - 3. Let a be u(-2). Let p = a + -13. Let l be (1 - -36) + (20 - 21). What is the greatest common divisor of p and l?
18
Let v = 17340 + -17254. Calculate the highest common factor of v and 1763.
43
Let b = -900 - -951. Calculate the highest common divisor of 1207 and b.
17
Suppose -5*j - 21*r + 2042 = -24*r, -5*r + 1198 = 3*j. What is the highest common divisor of j and 638?
58
Suppose -51*u = -32*u - 61180. Calculate the highest common factor of 483 and u.
161
Let v(m) = m**3 + 7*m**2 + 5*m. Let d = 2 - 0. Suppose 4*x = d*n - 12, x + 10 - 2 = -2*n. Let f be v(x). What is the greatest common divisor of f and 70?
14
Let f(c) = 24*c + 124. Let p be f(0). Suppose p*y = 142*y - 5184. What is the greatest common divisor of 128 and y?
32
Suppose 11*i - 63 = -1119. Let m = i - -173. What is the greatest common divisor of m and 22?
11
Let u be 18/108 - (4 + ((-58665)/(-18))/(-5)). What is the greatest common factor of u and 1539?
81
Let m(w) = -w**3 + 12*w**2 - 32*w - 17. Let s be m(7). What is the greatest common divisor of s and 2764?
4
Let o = 144 + -171. Let t be -6*1 + (115 - o). Let p be 54/7 - 14/(-49). What is the highest common factor of t and p?
8
Suppose -41*s = -37*s + 1100. Let v = 583 + s. What is the greatest common factor of v and 28?
28
Suppose -232*r + 225*r - 37 = -x, 5*x - 2*r = 53. Suppose -4*u = u + 440. Let h = u + 133. What is the highest common factor of x and h?
9
Let z(m) = 36*m + 1752. Let n be z(-43). Calculate the highest common divisor of n and 51.
51
Let o(k) = k**2 - 6*k - 11. Let l be o(9). Suppose 3*u = a - l - 4, 0 = a + 2*u - 45. Calculate the greatest common divisor of 140 and a.
35
Suppose 5*a = -4*f + 10, 0*f + 1 = -f - 3*a. Let z(x) = 3*x + 5*x - 6*x + f. Let l be z(15). What is the greatest common factor of l and 35?
35
Suppose 3*f = 56 + 97. Suppose 75*g - 408 = 73*g - y, 4*g - 816 = -3*y. Suppose -57*h + 45*h = -g. What is the greatest common divisor of f and h?
17
Let f be (121 + -26)*((-8)/(-5) + 2). What is the highest common factor of f and 162?
18
Suppose 18*x - 135 = 15*x. Suppose -41*c = -x*c + 32. What is the highest common factor of c and 56?
8
Let m be ((-85)/(-5) - 19) + 15. Calculate the greatest common factor of 3679 and m.
13
Let s = 30116 + -26638. Calculate the highest common divisor of s and 222.
74
Let o(x) = 3*x**3 - 6*x**